ose -2*s + 3895 = -6*r + 7*r, -1952 = -s + 4*r. List the prime factors of s.
2, 487
Let x(l) = -55*l**3 - 3*l - 1. Let f be x(-2). Suppose -5*k = 6*g - 2*g - f, 4*k - 218 = -2*g. Let r = g - -27. What are the prime factors of r?
2, 71
Let o = 15411 - 10751. List the prime factors of o.
2, 5, 233
Suppose 4*c = -q + 45048, -2*c + 5834 = -3*q - 16690. List the prime factors of c.
2, 3, 1877
Let v(a) = -a**3 - 3*a**2 + 2*a. Suppose 3*m + 0*m + 115 = 5*k, -2*k + 45 = -m. Suppose 43*p - 38*p = -k. List the prime factors of v(p).
2
Let y(i) = -10*i - 61. Let r(g) = 368*g + 2256. Let s(d) = -3*r(d) - 112*y(d). What are the prime factors of s(14)?
2, 3
Suppose -1606*q + 401878 = -1563*q. What are the prime factors of q?
2, 4673
Let m(y) = 513*y**2 - 134*y - 1. List the prime factors of m(-9).
2, 21379
Suppose -21 = 37*x + 16. List the prime factors of (x/3*5)/(95/(-2850)).
2, 5
Let o(y) be the third derivative of -317*y**4/24 - 5*y**3/6 + 157*y**2. What are the prime factors of o(-3)?
2, 11, 43
Let f(m) = -3703*m + 8962. List the prime factors of f(-4).
2, 11887
Let d = 3500 - 2364. Suppose 5*l = d + 1034. List the prime factors of l.
2, 7, 31
Suppose -13533 = -5*c + 3*i + 61987, -2*i = 2*c - 30208. What are the prime factors of c?
2, 59
Let d(k) be the third derivative of k**4/24 + k**3 - 4*k**2. Let i be d(4). Suppose -85 = -4*n + 3*l, 2*n + 4*l = 16 + i. What are the prime factors of n?
19
Let x = 53727 - 22103. What are the prime factors of x?
2, 59, 67
Suppose -761*j = -730*j - 61566. What are the prime factors of j?
2, 3, 331
Suppose -w = -239 - 1119. Suppose -2*h - 3*u + w = 3*h, -1084 = -4*h - 3*u. List the prime factors of h.
2, 137
Let l(j) = j**3 + 4*j**2 - 11*j - 19. Let k be l(-5). Let t(w) = 39*w - 157. What are the prime factors of t(k)?
2, 17
List the prime factors of (-20 + 22)/((-22)/(-345939)).
3, 11, 953
Let l(b) = -b**3 + 6*b**2 + 12*b - 14. Let t be (-41)/(-4) + (-4)/16. Let x be 5/(t*1/12). What are the prime factors of l(x)?
2, 29
Suppose -75710 = 22*y - 529702. List the prime factors of y.
2, 7, 11, 67
Let u(t) = 74*t + 15. Suppose -2*q + 30 = 14. What are the prime factors of u(q)?
607
Let p(z) = 41*z**2 + 30*z + 96. What are the prime factors of p(13)?
5, 1483
List the prime factors of (-62)/124*1*-17870.
5, 1787
List the prime factors of 0 - 4/10 - (-37568)/320.
3, 13
Suppose -9*u = -9 - 18. Suppose d - 598 = w, -4*d + u*w = -597 - 1791. What are the prime factors of d?
2, 3, 11
Let r(t) = 6*t**3 + t**2 - 13*t - 12. List the prime factors of r(5).
2, 349
Let z = -132 - -110. List the prime factors of ((-104)/88 + (-4)/z)*-339.
3, 113
Let r(g) be the third derivative of g**6/360 + 2*g**5/15 - 25*g**4/24 - 3*g**2. Let y(q) be the second derivative of r(q). List the prime factors of y(-2).
2, 3
Let q = -45 + 50. Let y(t) = 58*t - 22. Let d be y(q). Let b = d - 84. List the prime factors of b.
2, 23
Let b = 2736 - -247. List the prime factors of b.
19, 157
Suppose 0 = -12*i - 51*i + 1481382. List the prime factors of i.
2, 3, 3919
Let h be (-16)/(-40)*(28 - -2). Suppose 4*w - 20 = -2*a - w, -4*a - h = -3*w. Suppose 2*k - d - 181 = a, -k + 83 = -d + 2*d. List the prime factors of k.
2, 11
Let u(i) = 8*i - 7. Let b(y) = -y**2 + 25*y - 26. Let h be b(24). Let p be -2 + h/2 - 84/(-12). List the prime factors of u(p).
5
Suppose 3*d = 4*u - 1, -1 = -u - 0*d + d. Let q be 3 + (u + 4)/(-2). Let o = 11 + q. List the prime factors of o.
13
Let f = 91 - 85. What are the prime factors of f/10 + 9693/45?
2, 3
Let x = 8687 + 7021. What are the prime factors of x?
2, 3, 7, 11, 17
Suppose b - 184 = 14. Let z = b + -139. What are the prime factors of z?
59
Suppose -64 = -4*g - 0*g. Suppose -115*k - 18 = -116*k + 5*j, 4*k + 3*j = 72. Suppose 200 = k*d - g*d. What are the prime factors of d?
2, 5
Suppose 2*u - 40092 = 19*b - 17*b, b - 80149 = -4*u. List the prime factors of u.
29, 691
Let p be (-24)/4*(-4)/6. Let v = -49 + 53. Suppose 2*u + 934 = v*r + u, -r - p*u = -225. What are the prime factors of r?
233
Suppose 3*j + 5*c - 72250 = 0, 24364 - 144774 = -5*j - 5*c. Suppose 13*q - 41*q + j = 0. List the prime factors of q.
2, 5, 43
List the prime factors of (8/(-136))/(6/(-51))*14308.
2, 7, 73
Let m(b) = 25*b + 55. Let k be m(-3). List the prime factors of 4/k - (-8164)/20.
2, 3, 17
Suppose 10 - 66 = 8*y. What are the prime factors of (-449)/y + 48/56?
5, 13
Let a(l) = -l**3 + 9*l**2 - 11*l - 13. Let c be a(7). What are the prime factors of -2*(6 - 2836/c)?
17, 41
Let s = 27 + -27. Suppose -5*q = -s*q - 305. Let j = q - 15. What are the prime factors of j?
2, 23
Let n(a) = -129*a**3 + 2*a**2 + 2*a - 3. Let g be n(1). What are the prime factors of g/576 + (-1730)/(-9)?
2, 3
Let p(r) = -169*r**2 + 3*r - 6. Let a(j) = j**2 + j - 1. Let h(w) = 6*a(w) - p(w). What are the prime factors of h(-2)?
2, 347
Let a = 11 - 4. Suppose -4*k + 331 = -a*l + 4*l, k + 3*l - 64 = 0. Suppose -2*w + w = -k. What are the prime factors of w?
79
Let k(q) = -1634*q - 1558. What are the prime factors of k(-6)?
2, 7, 19, 31
Suppose -13607 = 31*s - 32*s - 4*b, 5*s - 67939 = 4*b. List the prime factors of s.
13591
Suppose 0 = -0*g + 2*g - 5*u - 64, 70 = 2*g - 2*u. Suppose 0 = -5*j + 2*j + v - g, -j = -3*v + 23. Let a = j + 35. List the prime factors of a.
2, 3
Let o(h) = -2*h**3 + h**2 + 10*h - 8. Suppose -k - 17 = 3*j, 0 = 5*j + 3*k + 22 + 5. What are the prime factors of o(j)?
2, 5
Let i be 8 - (90/24 + 3/12). Suppose 4*k - 14 = i*v + 50, 5*k + 5*v = 30. List the prime factors of k.
11
Let m(i) = 628*i**2 + 66*i + 139. List the prime factors of m(-2).
11, 229
Let z be (8/(-5))/((-30)/75). Suppose 9 = z*r - 3. Suppose -77 = 2*b - r*b. List the prime factors of b.
7, 11
Let l = -71 - -69. Let a(x) = -56*x**3 + 6*x**2 + 5*x - 4. List the prime factors of a(l).
2, 229
Suppose 14*k - m - 65230 = 11*k, 5*m = 2*k - 43478. What are the prime factors of k?
2, 3, 151
Suppose 8*i = -d + 1013, -2*d - 5*i = -10*i - 1900. What are the prime factors of d?
5, 193
Let u(t) = -6*t**3 + 11*t**2 - 12*t + 64. Let w(g) = 17*g**3 - 32*g**2 + 35*g - 193. Let f(i) = 8*u(i) + 3*w(i). What are the prime factors of f(6)?
347
Let p(o) = 53*o**2 + 0 + o**3 - 14*o + 0 - 13 - 57*o**2. What are the prime factors of p(9)?
2, 7, 19
Let c(v) = -v**3 + 8*v**2 - 4*v + 6. Let o(p) = 2*p + 7. Let x be o(9). Let g = x - 20. List the prime factors of c(g).
61
Suppose 321 - 346 = -5*o. Suppose o*s = -g + 5966, 4*s - 5*g - 2259 = 2508. List the prime factors of s.
1193
Let n be 4/(6/(-27)*3). Suppose 3*a = 4*a - 8. List the prime factors of (711/n)/((-12)/a).
79
Suppose 0 = -5*l - 7 - 13. Let b be 3 + -2 + (-13 - -2). What are the prime factors of 5/(b/l) + 32?
2, 17
Suppose 26*i + 115044 = 32*i. What are the prime factors of i?
2, 9587
Let l(v) = 12 + 0 + 3 + 21*v + 66*v. Let q(r) = -173*r - 30. Let i(z) = 9*l(z) + 4*q(z). List the prime factors of i(2).
197
Let n be (6/8)/((-126)/(-4338096)). Suppose -4710 + n = 26*x. List the prime factors of x.
2, 7, 29
Let d(w) = 179*w - 291*w - 81 - 4 + 10. List the prime factors of d(-7).
709
Let b(u) = 1048*u - 2433. What are the prime factors of b(22)?
41, 503
Let a(c) be the third derivative of c**4/24 + c**3/6 - 14*c**2. Let x be a(8). Suppose x*f = 12*f - 225. What are the prime factors of f?
3, 5
Suppose -5*d - 4762 = -k - 14779, 3*k = -d + 2013. Suppose -5*c - d = -11*c. List the prime factors of c.
2, 167
Suppose 709*x = 756*x - 181561. What are the prime factors of x?
3863
Suppose 55969 + 240230 = 9*l. What are the prime factors of l?
32911
Suppose -5*j = 5*q - 235, -2*j + 9*q - 10*q + 92 = 0. List the prime factors of 54/j*-5 - (-2 + -1160).
2, 17
Suppose 7760 = -n + 5*n. Suppose -49*c + n = -5802. What are the prime factors of c?
2, 79
Let q be 6/(-4)*(-352)/33. Suppose x - q = 3*t - 1505, 5*t + x - 2487 = 0. List the prime factors of t.
7, 71
Let y(f) = -f**2 - f + 17. Let l(d) = 2*d**2 + 2*d - 26. Let w = 81 + -73. Let h(j) = w*y(j) + 5*l(j). List the prime factors of h(-5).
2, 23
Suppose -2*x - 64 = -0*x + 3*t, 142 = -5*x - 3*t. Let o(b) = b**2 + 28*b + 57. Let c be o(x). Suppose -c*d = 11*d - 624. What are the prime factors of d?
3, 13
Let u(o) = 134*o + 375. What are the prime factors of u(10)?
5, 7
Suppose 0 = 2*z - 2*r + 3045 - 12917, 0 = -3*z + r + 1479